{"id":563,"date":"2026-02-23T09:45:29","date_gmt":"2026-02-23T09:45:29","guid":{"rendered":"https:\/\/espaces-verts-masse.be\/?page_id=563"},"modified":"2026-02-23T09:50:26","modified_gmt":"2026-02-23T09:50:26","slug":"politique","status":"publish","type":"page","link":"https:\/\/espaces-verts-masse.be\/index.php\/politique\/","title":{"rendered":"Politique de confidentialit\u00e9"},"content":{"rendered":"\t\t<div data-elementor-type=\"wp-page\" data-elementor-id=\"563\" class=\"elementor elementor-563\" data-elementor-post-type=\"page\">\n\t\t\t\t<div class=\"elementor-element elementor-element-6aed71d e-flex e-con-boxed e-con e-parent\" data-id=\"6aed71d\" data-element_type=\"container\" data-e-type=\"container\">\n\t\t\t\t\t<div class=\"e-con-inner\">\n\t\t\t\t<div class=\"elementor-element elementor-element-255a24a elementor-widget elementor-widget-text-editor\" data-id=\"255a24a\" data-element_type=\"widget\" data-e-type=\"widget\" data-widget_type=\"text-editor.default\">\n\t\t\t\t\t\t\t\t\t<h1 style=\"caret-color: #000000; color: #000000;\" data-start=\"370\" data-end=\"405\">POLITIQUE DE CONFIDENTIALIT\u00c9<\/h1><p style=\"caret-color: #000000; color: #000000;\" data-start=\"406\" data-end=\"436\"><strong data-start=\"406\" data-end=\"436\"><a href=\"http:\/\/www.espaces-verts-masse.be\/\" target=\"_new\" rel=\"noopener\" data-start=\"408\" data-end=\"434\">www.espaces-verts-masse.be<\/a><\/strong><\/p><p style=\"caret-color: #000000; color: #000000;\" data-start=\"438\" data-end=\"474\">Derni\u00e8re mise \u00e0 jour : [23\/02\/2025]<\/p><hr data-start=\"476\" data-end=\"479\" \/><h2 style=\"caret-color: #000000; color: #000000;\" data-start=\"481\" data-end=\"512\">1. Responsable du traitement<\/h2><p style=\"caret-color: #000000; color: #000000;\" data-start=\"514\" data-end=\"608\">Les donn\u00e9es personnelles collect\u00e9es sur le site\u00a0<a href=\"http:\/\/www.espaces-verts-masse.be\/\" target=\"_new\" rel=\"noopener\" data-start=\"562\" data-end=\"588\">www.espaces-verts-masse.be<\/a>\u00a0sont trait\u00e9es par :<\/p><p style=\"caret-color: #000000; color: #000000;\" data-start=\"610\" data-end=\"752\"><strong data-start=\"610\" data-end=\"643\">Espaces Verts Masse &amp; Fils SA<\/strong><br data-start=\"643\" data-end=\"646\" \/>Rue de la Croix du Ma\u00efeur (S-B) 10<br data-start=\"680\" data-end=\"683\" \/>7110 La Louvi\u00e8re<br data-start=\"699\" data-end=\"702\" \/>Belgique<br data-start=\"710\" data-end=\"713\" \/>Num\u00e9ro d\u2019entreprise : BE 0443.793.014<\/p><p style=\"caret-color: #000000; color: #000000;\" data-start=\"754\" data-end=\"828\">Email :\u00a0<a rel=\"noopener\" data-start=\"762\" data-end=\"792\">masse.benoit@espaces-verts.net<\/a><br data-start=\"792\" data-end=\"795\" \/>T\u00e9l\u00e9phone : +32 (0) 64 67 38 48<\/p><p style=\"caret-color: #000000; color: #000000;\" data-start=\"830\" data-end=\"968\">Espaces Verts Masse &amp; Fils SA est responsable du traitement des donn\u00e9es au sens du R\u00e8glement G\u00e9n\u00e9ral sur la Protection des Donn\u00e9es (RGPD).<\/p><hr data-start=\"970\" data-end=\"973\" \/><h2 style=\"caret-color: #000000; color: #000000;\" data-start=\"975\" data-end=\"996\">2. \u00c9diteur du site<\/h2><p style=\"caret-color: #000000; color: #000000;\" data-start=\"998\" data-end=\"1036\">Le site a \u00e9t\u00e9 con\u00e7u et est \u00e9dit\u00e9 par :<\/p><p style=\"caret-color: #000000; color: #000000;\" data-start=\"1038\" data-end=\"1112\"><strong data-start=\"1038\" data-end=\"1050\">CX-MEDIA<\/strong><br data-start=\"1050\" data-end=\"1053\" \/>Chemin de l&#8217;\u00eele du diable 13, 7060 Soignies<\/p><h3 id=\"_0yKcaYOcO--4i-gPhuGYwQE_48\" class=\"LC20lb MBeuO DKV0Md\">BE0644705847<\/h3><p style=\"caret-color: #000000; color: #000000;\" data-start=\"1114\" data-end=\"1212\">CX-MEDIA agit en qualit\u00e9 de prestataire technique et ne traite pas les donn\u00e9es \u00e0 des fins propres.<\/p><hr data-start=\"1214\" data-end=\"1217\" \/><h2 style=\"caret-color: #000000; color: #000000;\" data-start=\"1219\" data-end=\"1243\">3. Donn\u00e9es collect\u00e9es<\/h2><h3 style=\"caret-color: #000000; color: #000000;\" data-start=\"1245\" data-end=\"1294\">A. Formulaires de contact et demande de devis<\/h3><p style=\"caret-color: #000000; color: #000000;\" data-start=\"1296\" data-end=\"1340\">Les donn\u00e9es susceptibles d\u2019\u00eatre collect\u00e9es :<\/p><ul style=\"caret-color: #000000; color: #000000;\" data-start=\"1342\" data-end=\"1463\"><li data-start=\"1342\" data-end=\"1349\"><p data-start=\"1344\" data-end=\"1349\">Nom<\/p><\/li><li data-start=\"1350\" data-end=\"1360\"><p data-start=\"1352\" data-end=\"1360\">Pr\u00e9nom<\/p><\/li><li data-start=\"1361\" data-end=\"1378\"><p data-start=\"1363\" data-end=\"1378\">Adresse email<\/p><\/li><li data-start=\"1379\" data-end=\"1402\"><p data-start=\"1381\" data-end=\"1402\">Num\u00e9ro de t\u00e9l\u00e9phone<\/p><\/li><li data-start=\"1403\" data-end=\"1414\"><p data-start=\"1405\" data-end=\"1414\">Adresse<\/p><\/li><li data-start=\"1415\" data-end=\"1463\"><p data-start=\"1417\" data-end=\"1463\">Toute information communiqu\u00e9e volontairement<\/p><\/li><\/ul><h3 style=\"caret-color: #000000; color: #000000;\" data-start=\"1465\" data-end=\"1499\">B. Inscription \u00e0 la newsletter<\/h3><ul style=\"caret-color: #000000; color: #000000;\" data-start=\"1501\" data-end=\"1542\"><li data-start=\"1501\" data-end=\"1518\"><p data-start=\"1503\" data-end=\"1518\">Adresse email<\/p><\/li><li data-start=\"1519\" data-end=\"1542\"><p data-start=\"1521\" data-end=\"1542\">Pr\u00e9nom (si renseign\u00e9)<\/p><\/li><\/ul><hr data-start=\"1544\" data-end=\"1547\" \/><h2 style=\"caret-color: #000000; color: #000000;\" data-start=\"1549\" data-end=\"1578\">4. Finalit\u00e9s du traitement<\/h2><p style=\"caret-color: #000000; color: #000000;\" data-start=\"1580\" data-end=\"1614\">Les donn\u00e9es sont collect\u00e9es pour :<\/p><ul style=\"caret-color: #000000; color: #000000;\" data-start=\"1616\" data-end=\"1819\"><li data-start=\"1616\" data-end=\"1664\"><p data-start=\"1618\" data-end=\"1664\">R\u00e9pondre aux demandes de contact ou de devis<\/p><\/li><li data-start=\"1665\" data-end=\"1696\"><p data-start=\"1667\" data-end=\"1696\">Assurer le suivi commercial<\/p><\/li><li data-start=\"1697\" data-end=\"1772\"><p data-start=\"1699\" data-end=\"1772\">Envoyer des communications informatives ou promotionnelles (newsletter)<\/p><\/li><li data-start=\"1773\" data-end=\"1819\"><p data-start=\"1775\" data-end=\"1819\">Am\u00e9liorer la qualit\u00e9 des services propos\u00e9s<\/p><\/li><\/ul><hr data-start=\"1821\" data-end=\"1824\" \/><h2 style=\"caret-color: #000000; color: #000000;\" data-start=\"1826\" data-end=\"1857\">5. Base l\u00e9gale du traitement<\/h2><p style=\"caret-color: #000000; color: #000000;\" data-start=\"1859\" data-end=\"1889\">Les traitements reposent sur :<\/p><ul style=\"caret-color: #000000; color: #000000;\" data-start=\"1891\" data-end=\"2075\"><li data-start=\"1891\" data-end=\"1954\"><p data-start=\"1893\" data-end=\"1954\">L\u2019ex\u00e9cution de mesures pr\u00e9contractuelles (demande de devis)<\/p><\/li><li data-start=\"1955\" data-end=\"1997\"><p data-start=\"1957\" data-end=\"1997\">Le consentement explicite (newsletter)<\/p><\/li><li data-start=\"1998\" data-end=\"2075\"><p data-start=\"2000\" data-end=\"2075\">L\u2019int\u00e9r\u00eat l\u00e9gitime de l\u2019entreprise pour le suivi de sa relation client\u00e8le<\/p><\/li><\/ul><hr data-start=\"2077\" data-end=\"2080\" \/><h2 style=\"caret-color: #000000; color: #000000;\" data-start=\"2082\" data-end=\"2112\">6. Outils et sous-traitants<\/h2><p style=\"caret-color: #000000; color: #000000;\" data-start=\"2114\" data-end=\"2173\">Les donn\u00e9es peuvent \u00eatre trait\u00e9es via les outils suivants :<\/p><ul style=\"caret-color: #000000; color: #000000;\" data-start=\"2175\" data-end=\"2260\"><li data-start=\"2175\" data-end=\"2212\"><p data-start=\"2177\" data-end=\"2212\">Formulaires : WPForms (WordPress)<\/p><\/li><li data-start=\"2213\" data-end=\"2233\"><p data-start=\"2215\" data-end=\"2233\">Emailing : Brevo<\/p><\/li><li data-start=\"2234\" data-end=\"2260\"><p data-start=\"2236\" data-end=\"2260\">H\u00e9bergement : OVHcloud<\/p><\/li><\/ul><p style=\"caret-color: #000000; color: #000000;\" data-start=\"2262\" data-end=\"2374\">Ces prestataires agissent en qualit\u00e9 de sous-traitants et garantissent un niveau de protection conforme au RGPD.<\/p><hr data-start=\"2376\" data-end=\"2379\" \/><h2 style=\"caret-color: #000000; color: #000000;\" data-start=\"2381\" data-end=\"2408\">7. Dur\u00e9e de conservation<\/h2><p style=\"caret-color: #000000; color: #000000;\" data-start=\"2410\" data-end=\"2439\">Les donn\u00e9es sont conserv\u00e9es :<\/p><ul style=\"caret-color: #000000; color: #000000;\" data-start=\"2441\" data-end=\"2579\"><li data-start=\"2441\" data-end=\"2521\"><p data-start=\"2443\" data-end=\"2521\">Pour les demandes de devis : pendant la dur\u00e9e n\u00e9cessaire au suivi commercial<\/p><\/li><li data-start=\"2522\" data-end=\"2579\"><p data-start=\"2524\" data-end=\"2579\">Pour la newsletter : jusqu\u2019au retrait du consentement<\/p><\/li><\/ul><p style=\"caret-color: #000000; color: #000000;\" data-start=\"2581\" data-end=\"2664\">La d\u00e9sinscription est possible \u00e0 tout moment via le lien pr\u00e9sent dans chaque email.<\/p><hr data-start=\"2666\" data-end=\"2669\" \/><h2 style=\"caret-color: #000000; color: #000000;\" data-start=\"2671\" data-end=\"2697\">8. S\u00e9curit\u00e9 des donn\u00e9es<\/h2><p style=\"caret-color: #000000; color: #000000;\" data-start=\"2699\" data-end=\"2873\">Espaces Verts Masse &amp; Fils SA met en \u0153uvre des mesures techniques et organisationnelles appropri\u00e9es afin d\u2019assurer la s\u00e9curit\u00e9 et la confidentialit\u00e9 des donn\u00e9es personnelles.<\/p><hr data-start=\"2875\" data-end=\"2878\" \/><h2 style=\"caret-color: #000000; color: #000000;\" data-start=\"2880\" data-end=\"2906\">9. Droits des personnes<\/h2><p style=\"caret-color: #000000; color: #000000;\" data-start=\"2908\" data-end=\"2965\">Conform\u00e9ment au RGPD, vous disposez des droits suivants :<\/p><ul style=\"caret-color: #000000; color: #000000;\" data-start=\"2967\" data-end=\"3136\"><li data-start=\"2967\" data-end=\"2984\"><p data-start=\"2969\" data-end=\"2984\">Droit d\u2019acc\u00e8s<\/p><\/li><li data-start=\"2985\" data-end=\"3011\"><p data-start=\"2987\" data-end=\"3011\">Droit de rectification<\/p><\/li><li data-start=\"3012\" data-end=\"3034\"><p data-start=\"3014\" data-end=\"3034\">Droit d\u2019effacement<\/p><\/li><li data-start=\"3035\" data-end=\"3057\"><p data-start=\"3037\" data-end=\"3057\">Droit d\u2019opposition<\/p><\/li><li data-start=\"3058\" data-end=\"3097\"><p data-start=\"3060\" data-end=\"3097\">Droit \u00e0 la limitation du traitement<\/p><\/li><li data-start=\"3098\" data-end=\"3136\"><p data-start=\"3100\" data-end=\"3136\">Droit \u00e0 la portabilit\u00e9 des donn\u00e9es<\/p><\/li><\/ul><p style=\"caret-color: #000000; color: #000000;\" data-start=\"3138\" data-end=\"3212\">Toute demande peut \u00eatre adress\u00e9e \u00e0 :<\/p><p style=\"caret-color: #000000; color: #000000;\" data-start=\"3138\" data-end=\"3212\"><a style=\"color: #000000; text-align: var(--text-align); font-size: 1rem;\" rel=\"noopener\" data-start=\"3180\" data-end=\"3210\">masse.benoit@espaces-verts.net<\/a><\/p><p style=\"caret-color: #000000; color: #000000;\" data-start=\"3138\" data-end=\"3212\"><span style=\"text-align: var(--text-align); font-size: 1rem;\">En cas de litige, vous pouvez introduire une r\u00e9clamation aupr\u00e8s de l\u2019Autorit\u00e9 de protection des donn\u00e9es en Belgique.<\/span><\/p><hr data-start=\"3332\" data-end=\"3335\" \/>\t\t\t\t\t\t\t\t<\/div>\n\t\t\t\t\t<\/div>\n\t\t\t\t<\/div>\n\t\t\t\t<\/div>\n\t\t","protected":false},"excerpt":{"rendered":"<p>POLITIQUE DE CONFIDENTIALIT\u00c9 www.espaces-verts-masse.be Derni\u00e8re mise \u00e0 jour : [23\/02\/2025] 1. Responsable du traitement Les donn\u00e9es personnelles collect\u00e9es sur le site\u00a0www.espaces-verts-masse.be\u00a0sont trait\u00e9es par : Espaces Verts Masse &amp; Fils SARue de la Croix du Ma\u00efeur (S-B) 107110 La Louvi\u00e8reBelgiqueNum\u00e9ro d\u2019entreprise : BE 0443.793.014 Email :\u00a0masse.benoit@espaces-verts.netT\u00e9l\u00e9phone : +32 (0) 64 67 38 48 Espaces Verts Masse [&hellip;]<\/p>\n","protected":false},"author":1,"featured_media":0,"parent":0,"menu_order":0,"comment_status":"closed","ping_status":"closed","template":"","meta":{"footnotes":""},"class_list":["post-563","page","type-page","status-publish","hentry"],"_links":{"self":[{"href":"https:\/\/espaces-verts-masse.be\/index.php\/wp-json\/wp\/v2\/pages\/563","targetHints":{"allow":["GET"]}}],"collection":[{"href":"https:\/\/espaces-verts-masse.be\/index.php\/wp-json\/wp\/v2\/pages"}],"about":[{"href":"https:\/\/espaces-verts-masse.be\/index.php\/wp-json\/wp\/v2\/types\/page"}],"author":[{"embeddable":true,"href":"https:\/\/espaces-verts-masse.be\/index.php\/wp-json\/wp\/v2\/users\/1"}],"replies":[{"embeddable":true,"href":"https:\/\/espaces-verts-masse.be\/index.php\/wp-json\/wp\/v2\/comments?post=563"}],"version-history":[{"count":10,"href":"https:\/\/espaces-verts-masse.be\/index.php\/wp-json\/wp\/v2\/pages\/563\/revisions"}],"predecessor-version":[{"id":575,"href":"https:\/\/espaces-verts-masse.be\/index.php\/wp-json\/wp\/v2\/pages\/563\/revisions\/575"}],"wp:attachment":[{"href":"https:\/\/espaces-verts-masse.be\/index.php\/wp-json\/wp\/v2\/media?parent=563"}],"curies":[{"name":"wp","href":"https:\/\/api.w.org\/{rel}","templated":true}]}}